{"id":195,"date":"2024-12-17T07:58:49","date_gmt":"2024-12-17T06:58:49","guid":{"rendered":"https:\/\/detective-investigation.eu\/?page_id=195"},"modified":"2024-12-18T08:22:07","modified_gmt":"2024-12-18T07:22:07","slug":"familles","status":"publish","type":"page","link":"https:\/\/detective-investigation.eu\/index.php\/familles\/","title":{"rendered":"Familles"},"content":{"rendered":"\n<div class=\"wp-block-columns is-layout-flex wp-container-core-columns-is-layout-9d6595d7 wp-block-columns-is-layout-flex\">\n<div class=\"wp-block-column is-layout-flow wp-block-column-is-layout-flow\"><div class=\"wp-block-image\">\n<figure class=\"aligncenter size-full is-resized\"><img loading=\"lazy\" decoding=\"async\" width=\"600\" height=\"600\" src=\"https:\/\/detective-investigation.eu\/wp-content\/uploads\/2024\/12\/Particulier-1.jpg\" alt=\"\" class=\"wp-image-196\" style=\"width:354px;height:auto\" srcset=\"https:\/\/detective-investigation.eu\/wp-content\/uploads\/2024\/12\/Particulier-1.jpg 600w, https:\/\/detective-investigation.eu\/wp-content\/uploads\/2024\/12\/Particulier-1-300x300.jpg 300w, https:\/\/detective-investigation.eu\/wp-content\/uploads\/2024\/12\/Particulier-1-150x150.jpg 150w\" sizes=\"auto, (max-width: 600px) 100vw, 600px\" \/><\/figure>\n<\/div><\/div>\n\n\n\n<div class=\"wp-block-column is-layout-flow wp-block-column-is-layout-flow\">\n<h2 class=\"wp-block-heading\">Besoin d\u2019un d\u00e9tective pour:<\/h2>\n\n\n\n<ul class=\"wp-block-list\">\n<li>Recherche d\u2019informations<\/li>\n\n\n\n<li>Enqu\u00eates avant proc\u00e9dure<\/li>\n\n\n\n<li>Infid\u00e9lit\u00e9<\/li>\n\n\n\n<li>Constat de vie en communaut\u00e9 (Fixation pension)<\/li>\n\n\n\n<li>Garde d\u2019enfants<\/li>\n\n\n\n<li>Carence \u00e9ducative fugue<\/li>\n\n\n\n<li>Disparition de personne<\/li>\n\n\n\n<li>Recherche d\u2019h\u00e9ritiers, de d\u00e9biteurs, patrimoine, actifs saisissables<\/li>\n\n\n\n<li>Fid\u00e9lit\u00e9 de votre conjoint<\/li>\n\n\n\n<li>Vous recherchez un proche disparu<\/li>\n\n\n\n<li>Vous vous inqui\u00e9tiez des fr\u00e9quentations de votre enfant<\/li>\n\n\n\n<li>Vous ayez des inqui\u00e9tudes quant \u00e0 l\u2019exercice du droit de garde sur votre enfant<\/li>\n\n\n\n<li>Vous vous trouvez face \u00e0 des pr\u00e9tentions de prestations compensatoires injustifi\u00e9es.<\/li>\n\n\n\n<li>Toute mission l\u00e9gitime<\/li>\n<\/ul>\n<\/div>\n<\/div>\n\n\n\n<div class=\"wp-block-buttons is-content-justification-center is-layout-flex wp-container-core-buttons-is-layout-16018d1d wp-block-buttons-is-layout-flex\">\n<div class=\"wp-block-button\"><a class=\"wp-block-button__link wp-element-button\">0365 889 720<\/a><\/div>\n<\/div>\n\n\n\n<hr class=\"wp-block-separator has-alpha-channel-opacity\"\/>\n\n\n\n<h6 class=\"wp-block-heading has-text-align-center\">Le droit constant reconna\u00eet la l\u00e9galit\u00e9 de nos interventions et la validit\u00e9 de nos rapports.<\/h6>\n\n\n\n<p>Vous devez trouver des r\u00e9ponses \u00e0 vos questions.&nbsp;Dans le domaine civil nous intervenons non seulement afin que vous obteniez des r\u00e9ponses, mais aussi afin d\u2019\u00e9viter les lourdes cons\u00e9quences d\u2019une proc\u00e9dure judiciaire. En tant que justiciable, c\u2019est \u00e0 vous d\u2019apporter la preuve de vos pr\u00e9tentions.<\/p>\n\n\n\n<p class=\"has-text-align-center\"><strong>Nos interventions s\u2019effectuent en toute l\u00e9gitimit\u00e9.<\/strong><\/p>\n\n\n\n<p>Le Code de la S\u00e9curit\u00e9 Int\u00e9rieure nous conf\u00e8re le droit d\u2019enqu\u00eater sans faire \u00e9tat de nos qualit\u00e9s ni r\u00e9v\u00e9ler l\u2019objet de notre mission.&nbsp;La Jurisprudence estime que les \u00e9l\u00e9ments recueillis par les constatations effectu\u00e9es par un d\u00e9tective priv\u00e9 sont admissibles en justice selon les m\u00eames modalit\u00e9s et sous les seules m\u00eames r\u00e9serves que tout autre mode de preuve.&nbsp;L\u2019autorisation d\u2019exercice ne conf\u00e8re aucune pr\u00e9rogative de puissance publique \u00e0 l\u2019entreprise ou aux personnes qui en&nbsp;&nbsp;&nbsp;b\u00e9n\u00e9ficient (ArticleL612-14)<\/p>\n\n\n\n<p><\/p>\n","protected":false},"excerpt":{"rendered":"<p>Besoin d\u2019un d\u00e9tective pour: Le droit constant reconna\u00eet la l\u00e9galit\u00e9 de nos interventions et la validit\u00e9 de nos rapports. Vous devez trouver des r\u00e9ponses \u00e0 vos questions.&nbsp;Dans le domaine civil&hellip; <\/p>\n","protected":false},"author":1,"featured_media":0,"parent":0,"menu_order":0,"comment_status":"closed","ping_status":"closed","template":"","meta":{"footnotes":"[]"},"class_list":["post-195","page","type-page","status-publish","hentry"],"_links":{"self":[{"href":"https:\/\/detective-investigation.eu\/index.php\/wp-json\/wp\/v2\/pages\/195","targetHints":{"allow":["GET"]}}],"collection":[{"href":"https:\/\/detective-investigation.eu\/index.php\/wp-json\/wp\/v2\/pages"}],"about":[{"href":"https:\/\/detective-investigation.eu\/index.php\/wp-json\/wp\/v2\/types\/page"}],"author":[{"embeddable":true,"href":"https:\/\/detective-investigation.eu\/index.php\/wp-json\/wp\/v2\/users\/1"}],"replies":[{"embeddable":true,"href":"https:\/\/detective-investigation.eu\/index.php\/wp-json\/wp\/v2\/comments?post=195"}],"version-history":[{"count":9,"href":"https:\/\/detective-investigation.eu\/index.php\/wp-json\/wp\/v2\/pages\/195\/revisions"}],"predecessor-version":[{"id":215,"href":"https:\/\/detective-investigation.eu\/index.php\/wp-json\/wp\/v2\/pages\/195\/revisions\/215"}],"wp:attachment":[{"href":"https:\/\/detective-investigation.eu\/index.php\/wp-json\/wp\/v2\/media?parent=195"}],"curies":[{"name":"wp","href":"https:\/\/api.w.org\/{rel}","templated":true}]}}